{"id":2462,"date":"2023-12-06T15:33:03","date_gmt":"2023-12-06T15:33:03","guid":{"rendered":"https:\/\/grupasajewski.pl\/?page_id=2462"},"modified":"2025-11-14T09:53:16","modified_gmt":"2025-11-14T09:53:16","slug":"wynajem-samochodow","status":"publish","type":"page","link":"https:\/\/grupasajewski.pl\/index.php\/wynajem-samochodow\/","title":{"rendered":"Wynajem samochod\u00f3w"},"content":{"rendered":"\t\t<div data-elementor-type=\"wp-page\" data-elementor-id=\"2462\" class=\"elementor elementor-2462\">\n\t\t\t\t\t\t<section class=\"elementor-section elementor-top-section elementor-element elementor-element-48f175e7 elementor-section-boxed elementor-section-height-default elementor-section-height-default\" data-id=\"48f175e7\" data-element_type=\"section\" data-settings=\"{&quot;background_background&quot;:&quot;classic&quot;}\">\n\t\t\t\t\t\t<div class=\"elementor-container elementor-column-gap-no\">\n\t\t\t\t\t<div class=\"aux-parallax-section elementor-column elementor-col-100 elementor-top-column elementor-element elementor-element-5c79f8d4\" data-id=\"5c79f8d4\" data-element_type=\"column\">\n\t\t\t<div class=\"elementor-widget-wrap elementor-element-populated\">\n\t\t\t\t\t\t<div class=\"elementor-element elementor-element-47d474c aux-appear-watch-animation aux-fade-in-up elementor-widget elementor-widget-aux_modern_heading\" data-id=\"47d474c\" data-element_type=\"widget\" data-widget_type=\"aux_modern_heading.default\">\n\t\t\t\t<div class=\"elementor-widget-container\">\n\t\t\t\t\t<section class=\"aux-widget-modern-heading\">\n            <div class=\"aux-widget-inner\"><h5 class=\"aux-modern-heading-primary\"><\/h5><\/div>\n        <\/section>\t\t\t\t<\/div>\n\t\t\t\t<\/div>\n\t\t\t\t\t<\/div>\n\t\t<\/div>\n\t\t\t\t\t<\/div>\n\t\t<\/section>\n\t\t\t\t<section class=\"elementor-section elementor-top-section elementor-element elementor-element-71593cde elementor-reverse-tablet elementor-reverse-mobile elementor-section-boxed elementor-section-height-default elementor-section-height-default\" data-id=\"71593cde\" data-element_type=\"section\">\n\t\t\t\t\t\t<div class=\"elementor-container elementor-column-gap-no\">\n\t\t\t\t\t<div class=\"aux-parallax-section elementor-column elementor-col-50 elementor-top-column elementor-element elementor-element-2dec4a47\" data-id=\"2dec4a47\" data-element_type=\"column\">\n\t\t\t<div class=\"elementor-widget-wrap elementor-element-populated\">\n\t\t\t\t\t\t<div class=\"elementor-element elementor-element-5c7e24b7 aux-appear-watch-animation aux-fade-in-up elementor-widget elementor-widget-aux_modern_heading\" data-id=\"5c7e24b7\" data-element_type=\"widget\" data-widget_type=\"aux_modern_heading.default\">\n\t\t\t\t<div class=\"elementor-widget-container\">\n\t\t\t\t\t<section class=\"aux-widget-modern-heading\">\n            <div class=\"aux-widget-inner\"><h5 class=\"aux-modern-heading-primary\"><\/h5><h3 class=\"aux-modern-heading-secondary\"><span class=\"aux-head-before\">Wynajem <br>samochod\u00f3w <BR><\/span><\/h3><div class=\"aux-modern-heading-description\"><p><strong>Grupa Sajewski<\/strong> to nie tylko Transport ,Skup owoc\u00f3w to te\u017c<br \/>Wypo\u017cyczalnia i wynajem samochod\u00f3w dla klient\u00f3w indywidualnych i firm wraz z kierowc\u0105 lub bez<\/p><\/div><\/div>\n        <\/section>\t\t\t\t<\/div>\n\t\t\t\t<\/div>\n\t\t\t\t\t<\/div>\n\t\t<\/div>\n\t\t\t\t<div class=\"aux-parallax-section elementor-column elementor-col-50 elementor-top-column elementor-element elementor-element-327f3621\" data-id=\"327f3621\" data-element_type=\"column\">\n\t\t\t<div class=\"elementor-widget-wrap elementor-element-populated\">\n\t\t\t\t\t\t<div class=\"elementor-element elementor-element-5f308291 aux-appear-watch-animation aux-scale-up elementor-widget elementor-widget-aux_image\" data-id=\"5f308291\" data-element_type=\"widget\" data-widget_type=\"aux_image.default\">\n\t\t\t\t<div class=\"elementor-widget-container\">\n\t\t\t\t\t<section class=\"widget-container aux-widget-image aux-alignnone aux-parent-auce665904\">\n    <div class=\"aux-media-hint-frame \">\n        <div class=\"aux-media-image \" >\n        \n            \n\n            \n            <img fetchpriority=\"high\" decoding=\"async\" width=\"1720\" height=\"1147\" src=\"https:\/\/grupasajewski.pl\/wp-content\/uploads\/2023\/12\/407381401_122099124026138461_1900439134194564880_n-min.jpg\" class=\"aux-attachment aux-featured-image aux-attachment-id-2488\" alt=\"407381401_122099124026138461_1900439134194564880_n-min\" data-ratio=\"1.5\" data-original-w=\"1720\" \/>            \n                <\/div>\n    <\/div>\n\n<\/section><!-- widget-container -->\t\t\t\t<\/div>\n\t\t\t\t<\/div>\n\t\t\t\t\t<\/div>\n\t\t<\/div>\n\t\t\t\t\t<\/div>\n\t\t<\/section>\n\t\t\t\t<section class=\"elementor-section elementor-top-section elementor-element elementor-element-9110843 elementor-section-boxed elementor-section-height-default elementor-section-height-default\" data-id=\"9110843\" data-element_type=\"section\" data-settings=\"{&quot;background_background&quot;:&quot;classic&quot;}\">\n\t\t\t\t\t\t\t<div class=\"elementor-background-overlay\"><\/div>\n\t\t\t\t\t\t\t<div class=\"elementor-container elementor-column-gap-default\">\n\t\t\t\t\t<div class=\"aux-parallax-section elementor-column elementor-col-100 elementor-top-column elementor-element elementor-element-35b72f9\" data-id=\"35b72f9\" data-element_type=\"column\">\n\t\t\t<div class=\"elementor-widget-wrap elementor-element-populated\">\n\t\t\t\t\t\t<div class=\"elementor-element elementor-element-4477bb3 aux-appear-watch-animation aux-fade-in-up elementor-widget elementor-widget-aux_modern_heading\" data-id=\"4477bb3\" data-element_type=\"widget\" data-widget_type=\"aux_modern_heading.default\">\n\t\t\t\t<div class=\"elementor-widget-container\">\n\t\t\t\t\t<section class=\"aux-widget-modern-heading\">\n            <div class=\"aux-widget-inner\"><h5 class=\"aux-modern-heading-primary\"><\/h5><h3 class=\"aux-modern-heading-secondary\"><span class=\"aux-head-before\">Nasi kierowcy <br> to profesjonali\u015bci.<\/span><\/h3><\/div>\n        <\/section>\t\t\t\t<\/div>\n\t\t\t\t<\/div>\n\t\t\t\t<div class=\"elementor-element elementor-element-ebf6d72 elementor-widget elementor-widget-text-editor\" data-id=\"ebf6d72\" data-element_type=\"widget\" data-widget_type=\"text-editor.default\">\n\t\t\t\t<div class=\"elementor-widget-container\">\n\t\t\t\t\t\t\t\t\t<p>Doskonale rozumiemy, \u017ce to w\u0142a\u015bnie kierowcy stanowi\u0105 kluczowy element do zapewnienia najwy\u017cszej jako\u015bci us\u0142ug transportowych VIP. Dlatego przyk\u0142adamy ogromn\u0105 wag\u0119 do ci\u0105g\u0142ego podnoszenia ich kwalifikacji. Skupiamy si\u0119 zar\u00f3wno na umiej\u0119tno\u015bciach kierowania samochodem, jak r\u00f3wnie\u017c nad nienagannymi manierami i doskona\u0142\u0105 obs\u0142ug\u0105 Klienta.<br \/><br \/><br \/>W\u015br\u00f3d naszych Klient\u00f3w znajduj\u0105 si\u0119 zar\u00f3wno klienci biznesowi, du\u017ce korporacje, jak i gwiazdy show biznesu. Zorganizujemy dla Pa\u0144stwa transport VIP zar\u00f3wno w Krakowie, Warszawie Zakopanem<br \/>Tarnowie i ca\u0142ej Polsce. <br \/><br \/>Zawsze dok\u0142adamy wszelkich stara\u0144, by zaspokoi\u0107 potrzeby naszych Klient\u00f3w.<br \/>Nowoczesna i luksusowa flota<br \/>Do \u015bwiadczenia naszych us\u0142ug transportowych VIP wykorzystujemy jedynie sprawdzone i niezawodne samochody marki\u00a0 Mercedes-Benz, jak Mercedes S-Class, GLE-Class, GLS-Class oraz Audi, czy BMW X6 BMW X7 BMW Seri 7 czy Porsche Taycan Turbo S Cross Turismo. <br \/><br \/>Wszystkie Nasze samochody nie s\u0105 starsze ni\u017c 12 miesi\u0119cy<br \/>Nasza misja<br \/>Naszym celem jest dostarczanie najwy\u017cszej jako\u015bci us\u0142ug VIP. Mo\u017cesz zawsze na nas polega\u0107. Profesjonalizm, punktualno\u015b\u0107, dyskrecja oraz rzetelno\u015b\u0107 to fundamenty naszej firmy.<\/p>\t\t\t\t\t\t\t\t<\/div>\n\t\t\t\t<\/div>\n\t\t\t\t<div class=\"elementor-element elementor-element-8ba5940 elementor-widget elementor-widget-heading\" data-id=\"8ba5940\" data-element_type=\"widget\" data-widget_type=\"heading.default\">\n\t\t\t\t<div class=\"elementor-widget-container\">\n\t\t\t\t\t<h2 class=\"elementor-heading-title elementor-size-default\">Wi\u0119cej szczeg\u00f3\u0142\u00f3w <br>udzielmy telefonicznie <\/h2>\t\t\t\t<\/div>\n\t\t\t\t<\/div>\n\t\t\t\t<div class=\"elementor-element elementor-element-2c30aaf elementor-widget elementor-widget-button\" data-id=\"2c30aaf\" data-element_type=\"widget\" data-widget_type=\"button.default\">\n\t\t\t\t<div class=\"elementor-widget-container\">\n\t\t\t\t\t\t\t\t\t<div class=\"elementor-button-wrapper\">\n\t\t\t\t\t<a class=\"elementor-button elementor-size-sm\" role=\"button\">\n\t\t\t\t\t\t<span class=\"elementor-button-content-wrapper\">\n\t\t\t\t\t\t\t\t\t<span class=\"elementor-button-text\">tel. 539 959 578<\/span>\n\t\t\t\t\t<\/span>\n\t\t\t\t\t<\/a>\n\t\t\t\t<\/div>\n\t\t\t\t\t\t\t\t<\/div>\n\t\t\t\t<\/div>\n\t\t\t\t\t<\/div>\n\t\t<\/div>\n\t\t\t\t\t<\/div>\n\t\t<\/section>\n\t\t\t\t<section class=\"elementor-section elementor-top-section elementor-element elementor-element-ad7d955 elementor-section-boxed elementor-section-height-default elementor-section-height-default\" data-id=\"ad7d955\" data-element_type=\"section\">\n\t\t\t\t\t\t<div class=\"elementor-container elementor-column-gap-default\">\n\t\t\t\t\t<div class=\"aux-parallax-section elementor-column elementor-col-100 elementor-top-column elementor-element elementor-element-da6e1b1\" data-id=\"da6e1b1\" data-element_type=\"column\">\n\t\t\t<div class=\"elementor-widget-wrap\">\n\t\t\t\t\t\t\t<\/div>\n\t\t<\/div>\n\t\t\t\t\t<\/div>\n\t\t<\/section>\n\t\t\t\t<section class=\"elementor-section elementor-top-section elementor-element elementor-element-0583439 elementor-section-boxed elementor-section-height-default elementor-section-height-default\" data-id=\"0583439\" data-element_type=\"section\">\n\t\t\t\t\t\t<div class=\"elementor-container elementor-column-gap-no\">\n\t\t\t\t\t<div class=\"aux-parallax-section elementor-column elementor-col-100 elementor-top-column elementor-element elementor-element-ca70d33\" data-id=\"ca70d33\" data-element_type=\"column\" data-settings=\"{&quot;background_background&quot;:&quot;classic&quot;}\">\n\t\t\t<div class=\"elementor-widget-wrap elementor-element-populated\">\n\t\t\t\t\t\t<section class=\"elementor-section elementor-inner-section elementor-element elementor-element-6914bc5 elementor-section-boxed elementor-section-height-default elementor-section-height-default\" data-id=\"6914bc5\" data-element_type=\"section\">\n\t\t\t\t\t\t<div class=\"elementor-container elementor-column-gap-no\">\n\t\t\t\t\t<div class=\"aux-parallax-section elementor-column elementor-col-33 elementor-inner-column elementor-element elementor-element-b5829f3\" data-id=\"b5829f3\" data-element_type=\"column\">\n\t\t\t<div class=\"elementor-widget-wrap elementor-element-populated\">\n\t\t\t\t\t\t<div class=\"elementor-element elementor-element-1b3f529 elementor-widget__width-auto elementor-widget elementor-widget-aux_icon_list\" data-id=\"1b3f529\" data-element_type=\"widget\" data-widget_type=\"aux_icon_list.default\">\n\t\t\t\t<div class=\"elementor-widget-container\">\n\t\t\t\t\t<section class=\"widget-container aux-widget-icon-list aux-parent-au11848f71\"><div class=\"widget-inner\"><div class=\"aux-widget-icon-list-inner\"><ul class=\"aux-icon-list-items aux-direction-default\"><li class=\"aux-icon-list-item aux-list-item-has-icon aux-icon-list-item-e00a332 elementor-repeater-item-e00a332\"><span class=\"aux-icon-list-text\">lat<\/span><\/li><li class=\"aux-icon-list-item aux-list-item-has-icon aux-icon-list-item-7730ef8 elementor-repeater-item-7730ef8\"><span class=\"aux-icon-list-text\">do\u015bwiadczenia<\/span><\/li><\/ul><\/div><\/div><\/section><!-- widget-container -->\t\t\t\t<\/div>\n\t\t\t\t<\/div>\n\t\t\t\t\t<\/div>\n\t\t<\/div>\n\t\t\t\t<div class=\"aux-parallax-section elementor-column elementor-col-33 elementor-inner-column elementor-element elementor-element-8f3362e\" data-id=\"8f3362e\" data-element_type=\"column\">\n\t\t\t<div class=\"elementor-widget-wrap elementor-element-populated\">\n\t\t\t\t\t\t<div class=\"elementor-element elementor-element-df3c611 elementor-widget__width-auto elementor-widget elementor-widget-aux_icon_list\" data-id=\"df3c611\" data-element_type=\"widget\" data-widget_type=\"aux_icon_list.default\">\n\t\t\t\t<div class=\"elementor-widget-container\">\n\t\t\t\t\t<section class=\"widget-container aux-widget-icon-list aux-parent-au1dab5a03\"><div class=\"widget-inner\"><div class=\"aux-widget-icon-list-inner\"><ul class=\"aux-icon-list-items aux-direction-default\"><li class=\"aux-icon-list-item aux-list-item-has-icon aux-icon-list-item-e00a332 elementor-repeater-item-e00a332\"><span class=\"aux-icon-list-text\">zadowolonych<\/span><\/li><li class=\"aux-icon-list-item aux-list-item-has-icon aux-icon-list-item-7730ef8 elementor-repeater-item-7730ef8\"><span class=\"aux-icon-list-text\">klient\u00f3w<\/span><\/li><\/ul><\/div><\/div><\/section><!-- widget-container -->\t\t\t\t<\/div>\n\t\t\t\t<\/div>\n\t\t\t\t\t<\/div>\n\t\t<\/div>\n\t\t\t\t<div class=\"aux-parallax-section elementor-column elementor-col-33 elementor-inner-column elementor-element elementor-element-8a28171\" data-id=\"8a28171\" data-element_type=\"column\">\n\t\t\t<div class=\"elementor-widget-wrap elementor-element-populated\">\n\t\t\t\t\t\t<div class=\"elementor-element elementor-element-c00ec72 elementor-widget__width-auto elementor-widget elementor-widget-aux_icon_list\" data-id=\"c00ec72\" data-element_type=\"widget\" data-widget_type=\"aux_icon_list.default\">\n\t\t\t\t<div class=\"elementor-widget-container\">\n\t\t\t\t\t<section class=\"widget-container aux-widget-icon-list aux-parent-aud33c0ea9\"><div class=\"widget-inner\"><div class=\"aux-widget-icon-list-inner\"><ul class=\"aux-icon-list-items aux-direction-default\"><li class=\"aux-icon-list-item aux-list-item-has-icon aux-icon-list-item-e00a332 elementor-repeater-item-e00a332\"><span class=\"aux-icon-list-text\">przejechanych<\/span><\/li><li class=\"aux-icon-list-item aux-list-item-has-icon aux-icon-list-item-7730ef8 elementor-repeater-item-7730ef8\"><span class=\"aux-icon-list-text\">kilometr\u00f3w<\/span><\/li><\/ul><\/div><\/div><\/section><!-- widget-container -->\t\t\t\t<\/div>\n\t\t\t\t<\/div>\n\t\t\t\t\t<\/div>\n\t\t<\/div>\n\t\t\t\t\t<\/div>\n\t\t<\/section>\n\t\t\t\t\t<\/div>\n\t\t<\/div>\n\t\t\t\t\t<\/div>\n\t\t<\/section>\n\t\t\t\t<\/div>\n\t\t","protected":false},"excerpt":{"rendered":"<p>Wynajem samochod\u00f3w Grupa Sajewski to nie tylko Transport ,Skup owoc\u00f3w to te\u017cWypo\u017cyczalnia i wynajem samochod\u00f3w dla klient\u00f3w indywidualnych i firm wraz z kierowc\u0105 lub bez Nasi kierowcy to profesjonali\u015bci. Doskonale rozumiemy, \u017ce to w\u0142a\u015bnie kierowcy stanowi\u0105 kluczowy element do zapewnienia najwy\u017cszej jako\u015bci us\u0142ug transportowych VIP. Dlatego przyk\u0142adamy ogromn\u0105 wag\u0119 do ci\u0105g\u0142ego podnoszenia ich kwalifikacji. Skupiamy [&hellip;]<\/p>\n","protected":false},"author":1,"featured_media":0,"parent":0,"menu_order":0,"comment_status":"closed","ping_status":"closed","template":"","meta":{"footnotes":""},"class_list":["post-2462","page","type-page","status-publish","hentry"],"_links":{"self":[{"href":"https:\/\/grupasajewski.pl\/index.php\/wp-json\/wp\/v2\/pages\/2462","targetHints":{"allow":["GET"]}}],"collection":[{"href":"https:\/\/grupasajewski.pl\/index.php\/wp-json\/wp\/v2\/pages"}],"about":[{"href":"https:\/\/grupasajewski.pl\/index.php\/wp-json\/wp\/v2\/types\/page"}],"author":[{"embeddable":true,"href":"https:\/\/grupasajewski.pl\/index.php\/wp-json\/wp\/v2\/users\/1"}],"replies":[{"embeddable":true,"href":"https:\/\/grupasajewski.pl\/index.php\/wp-json\/wp\/v2\/comments?post=2462"}],"version-history":[{"count":157,"href":"https:\/\/grupasajewski.pl\/index.php\/wp-json\/wp\/v2\/pages\/2462\/revisions"}],"predecessor-version":[{"id":2767,"href":"https:\/\/grupasajewski.pl\/index.php\/wp-json\/wp\/v2\/pages\/2462\/revisions\/2767"}],"wp:attachment":[{"href":"https:\/\/grupasajewski.pl\/index.php\/wp-json\/wp\/v2\/media?parent=2462"}],"curies":[{"name":"wp","href":"https:\/\/api.w.org\/{rel}","templated":true}]}}